- 2 = -26. Calculate the remainder when u(3) is divided by q.
10
Suppose l + 9 = 5*p - 22, -4*l - 5*p = 74. Calculate the remainder when ((-36)/l)/(2/14) is divided by 7.
5
Suppose -9*x - 39 = -12*x. What is the remainder when 30 is divided by x?
4
Let g = 2 + 40. What is the remainder when 163 is divided by g?
37
Let f(n) = -2*n + 18. Calculate the remainder when 131 is divided by f(-8).
29
Let u be -44 - (-2 + -2 + 2). Let b = -17 - u. Calculate the remainder when 97 is divided by b.
22
Suppose 0 = 5*h - 2*w - 85, 3*w + 41 = 3*h - 1. What is the remainder when h is divided by 5?
4
Suppose -o + 0*o = -47. What is the remainder when o is divided by 25?
22
Let d(j) = j + 8. Let h be d(-9). Let c be 3/((-3)/7) + h. Let k = -6 - c. Calculate the remainder when 2 is divided by k.
0
Calculate the remainder when 42 + (-10)/(2 - 7) is divided by 12.
8
Let v(k) = -k**2 + 10*k + 1. What is the remainder when 2 is divided by v(10)?
0
Suppose -5*t - 2 = p - 18, 2*t = -4*p + 10. Let v = 6 - t. Suppose -v*q + x + 121 = -0*x, 5*x - 35 = -q. Calculate the remainder when q is divided by 14.
12
Let c(o) be the first derivative of -3 + 13*o + 9/2*o**2 - 1/3*o**3. What is the remainder when c(9) is divided by 5?
3
Let w(h) = -h**3 + 4*h - 1. Let j be w(-2). Let d = 7 + j. Calculate the remainder when d is divided by 5.
1
Let d = 23 + 21. Suppose 4*h + 18 = 2*a, 5*a + 2*h - 83 = -38. Calculate the remainder when d is divided by a.
8
Let g = -2 + 1. Suppose 0 = 3*p - 8*p. What is the remainder when (p/g + 13)/1 is divided by 7?
6
Let o(s) be the third derivative of 0 - 1/4*s**4 - 1/60*s**5 + 1/2*s**3 + 0*s - 2*s**2. Calculate the remainder when 15 is divided by o(-5).
7
Let t(u) = -29*u - 5. Let a be t(-5). Suppose 2*h + a = 4*h. Calculate the remainder when h is divided by 24.
22
Suppose -23 = -3*t + 4. Suppose -2*k - 1 = w, -w - 5*k = 2*w. Calculate the remainder when t is divided by w.
4
Let p(d) = 5*d + 2. Let v be p(-5). Let n = -10 - v. Calculate the remainder when 23 is divided by n.
10
Suppose 8*d - 1 - 39 = 0. Calculate the remainder when 20 is divided by d.
0
Suppose 0*x + 3*x - 57 = 0. Suppose -3*h + 85 = 55. What is the remainder when x is divided by h?
9
Suppose -2*w + a + 124 + 24 = 0, 3*w = a + 224. Calculate the remainder when w is divided by 11.
10
Suppose 0 = z + 3*z - 60. Let j = -22 + z. Let d(w) = -w**3 - 6*w**2 + 5*w - 1. Calculate the remainder when d(j) is divided by 8.
5
Suppose -4*c + 52 = -5*d, -4*c - 5*d = -3*c - 13. Calculate the remainder when 23 is divided by c.
10
Suppose 5*x + 1 - 6 = 0. Calculate the remainder when 16 is divided by (x - (-14)/(-5))*-5.
7
Let t be (-3)/(-5) + 15/(-25). Suppose -m - m + 24 = t. What is the remainder when m is divided by 7?
5
Let p be 2/3 - 6/(-18). Let u = p + 1. What is the remainder when 7 is divided by u?
1
Suppose 0 = 5*g - 10, 2*g = 2*w + 3*w - 51. What is the remainder when 19 is divided by w?
8
Calculate the remainder when 0 + -3 + 8 + -1 + 106 is divided by 19.
15
Let g = -11 + 21. Suppose 0 = 5*k - 0 - g. Calculate the remainder when (-1*k)/(-1) + 15 is divided by 9.
8
Let i = -13 + 27. Calculate the remainder when 67 is divided by i.
11
Let b(o) = 2*o + 6. Let f be b(-5). What is the remainder when 16/((-2)/(f/4)) is divided by 5?
3
Let c(b) = -b**2 + 5*b - 2. Let i be c(5). Let a be 0/(-2 + 4) - -1. What is the remainder when 8 is divided by a/(((-4)/10)/i)?
3
Suppose -3*u + d = -4*d - 254, 0 = -4*u + 3*d + 335. What is the remainder when u is divided by 28?
27
Suppose 0 = 3*p + 2*p - 165. Suppose 57 = 6*q - 45. What is the remainder when p is divided by q?
16
Let g(u) be the third derivative of -u**6/120 + 11*u**3/6 - u**2. What is the remainder when 30 is divided by g(0)?
8
Suppose 4*s + 9*s - 312 = 0. Calculate the remainder when 67 is divided by s.
19
Let m = 1 + 3. Let v(l) = l**3 - 5*l**2 - 10*l + 2. Calculate the remainder when v(7) is divided by (-8)/(0 - 2/m).
14
Let y(g) = -3*g. Let b be y(-6). Let s = b + -30. Calculate the remainder when (-4)/(s/45) + 2 is divided by 6.
5
Suppose 3*w - 8 = 2*l + 7, -2*l - 3*w + 15 = 0. Suppose -u - 4*u + 20 = l. What is the remainder when (5*-3)/(3/(-2)) is divided by u?
2
Let l(g) = -18*g - 1. Calculate the remainder when l(-5) is divided by 2/(-7) + (-1272)/(-42).
29
Suppose -2*k = q - 14, 1 = 3*k - 3*q - 38. Calculate the remainder when 98 is divided by k.
8
Let c(d) = -9*d**2 - d + 1. Let v be c(1). What is the remainder when 147/9 + 4/6 is divided by (v/5)/(3/(-10))?
5
Let k = -528 + 563. What is the remainder when k is divided by (-2)/(1/12*-2)?
11
Let x(y) = y - 1. Let k be x(7). Let q = -4 + k. Calculate the remainder when ((-56)/(-12))/(q/6) is divided by 5.
4
Suppose -10 = -2*q - 3*w, 2*q - 3*q - 3*w + 5 = 0. Suppose 156 - 26 = q*m. Let a = m - 11. What is the remainder when 43 is divided by a?
13
Let g(s) = 6*s - 1. Let t(a) = -a**2 - 2*a + 6. Let q be t(-6). Let y = 3 - q. Calculate the remainder when y is divided by g(2).
10
Suppose 53 = -3*v + 140. Calculate the remainder when v is divided by 11.
7
Let s(n) = -n**3 + n**2 - n + 12. What is the remainder when 0 + 2 + (22 - 1) is divided by s(0)?
11
Let t be (-2)/((-6)/(-27)*-3). Suppose 0 = -4*k - t*q + 36, -1 = -4*k + 5*q + 3. What is the remainder when 6/(-4)*(-32)/3 is divided by k?
4
Let k = 17 + -4. Suppose 0 = -4*c + 35 + 1. What is the remainder when ((-3)/c)/((-2)/222) is divided by k?
11
Let p(i) = -i - 14. What is the remainder when 56 is divided by p(-26)?
8
Suppose u = 6*u + 5. What is the remainder when (-51)/(-18) - u/6 is divided by 2?
1
Suppose 2 = -5*y + 4*o + 108, -3*y + 69 = 3*o. Suppose 0 = g - 0*g - 85. What is the remainder when g is divided by y?
19
Let t(o) = -9*o - 4. What is the remainder when t(-3) is divided by 6?
5
Let v(f) = 3*f - 35. What is the remainder when 48 is divided by v(15)?
8
Calculate the remainder when 67 is divided by 1*2 - (-4 + -11).
16
Let u = 4 - -31. Calculate the remainder when u is divided by 12.
11
Let g(y) = -45*y + 0 + 44*y + 12. What is the remainder when g(0) is divided by 4?
0
Let h = 534 + -532. Suppose 3*d - 2*d = 2. Calculate the remainder when d is divided by h.
0
Suppose 6 = 3*v + 9, -5*v - 23 = -2*p. Calculate the remainder when 52 is divided by p.
7
Suppose 0 = 2*z - 4*z + 36. Let y = -38 + z. Let x = y - -33. Calculate the remainder when x is divided by 5.
3
Let l be (3*-1)/((-15)/10). Suppose -18 = -4*u - l. What is the remainder when u is divided by 2?
0
Suppose 0 = 4*m + 16, -2*m = -3*y - 0*m + 65. What is the remainder when 93 is divided by y?
17
Suppose 32 = 2*u - 76. Suppose 4*r - u = 166. What is the remainder when r is divided by 15?
10
Let x(m) = 2*m**3 - 3*m + 2. Let n = 11 - 4. What is the remainder when x(2) is divided by n?
5
Let g(r) = -3*r + 4. Let x(i) = -i**2 - 4*i**3 + 1 + i + 3 - 5. What is the remainder when x(-2) is divided by g(-3)?
12
Suppose 0*l + 13 = l. Let p = -5 + l. What is the remainder when -4*((-78)/p + 2) is divided by 17?
14
Let y = 7 + -4. Suppose 0 = 3*o - 13 + 4. Calculate the remainder when o is divided by (-1 - 8/(-6))*y.
0
Let n be ((-8)/14)/((-2)/14). Suppose n*t = 4*r - 46 - 6, -4*r + 55 = -5*t. Calculate the remainder when 39 is divided by r.
9
Suppose 5*z + 2*d - 55 = -3*d, z = -4*d - 4. Calculate the remainder when 39 is divided by z.
7
Suppose 0 = 2*s + 3*s - 40. Let m = 2 + s. What is the remainder when m is divided by 6?
4
Let t = 4 - 2. Let z(f) = 20*f - 1. Let y be z(t). Suppose -4*r + 121 = -y. Calculate the remainder when r is divided by 21.
19
Let k = 2 + -1. Calculate the remainder when k is divided by 1.
0
Suppose 41 = 5*u - 34. What is the remainder when u is divided by 9?
6
Let m = -5 - -7. Calculate the remainder when ((-1)/(-1))/(-1) + 7 is divided by 0 - m - (-5 + -1).
2
Let b = 193 + -178. What is the remainder when 237 is divided by b?
12
Suppose -29 = -2*c + 21. What is the remainder when c is divided by 7?
4
Let n be 0 + (13 - 12/4). Suppose -4*s - n = -90. What is the remainder when 79 is divided by s?
19
Let p = -10 + 15. Suppose 2*i - 5*t = 26, 50 = p*i - 3*t - 2*t. Let b = 11 - i. What is the remainder when 7 is divided by b?
1
Let k be (3/2)/((-3)/196). Calculate the remainder when k*(-1)/2*1 is divided by 17.
15
Let y be 6/4*52/3. Let x = y + 